he greatest common divisor of 26 and 28895035.
13
What is the highest common divisor of 141 and 16297532?
47
What is the highest common factor of 12834386 and 20368?
2546
Calculate the greatest common divisor of 206226459 and 30807.
4401
Calculate the highest common divisor of 86581 and 78727.
187
What is the greatest common factor of 52000 and 1212640?
2080
What is the greatest common divisor of 1810576 and 2512?
16
Calculate the greatest common divisor of 236 and 33598022.
118
What is the highest common factor of 102830865 and 318?
159
Calculate the greatest common divisor of 10880264 and 2279.
53
What is the greatest common factor of 498639 and 71482?
347
Calculate the highest common factor of 4383 and 11137203.
4383
Calculate the highest common factor of 780 and 24478012.
52
What is the greatest common factor of 55164700 and 3750?
50
What is the greatest common factor of 479085194 and 7990?
1598
Calculate the highest common factor of 60 and 121727020.
20
Calculate the highest common factor of 2706 and 29893182.
2706
What is the greatest common factor of 3068 and 22610224?
52
Calculate the greatest common factor of 1873926 and 24.
6
Calculate the greatest common factor of 179487 and 5193.
9
What is the greatest common divisor of 39305 and 729715?
35
What is the highest common divisor of 45346044 and 24?
12
What is the greatest common divisor of 23858 and 62726?
158
What is the highest common divisor of 15630 and 539970?
30
Calculate the greatest common divisor of 43127 and 4130294.
707
Calculate the greatest common divisor of 14474775 and 1260.
105
Calculate the greatest common factor of 12561945 and 22.
11
What is the highest common factor of 46104558 and 1185?
237
Calculate the greatest common factor of 128 and 6035072.
128
Calculate the highest common factor of 972 and 472212.
36
Calculate the greatest common factor of 161182 and 17458.
406
What is the greatest common divisor of 277878 and 4118?
58
Calculate the greatest common factor of 4036 and 5488.
4
What is the highest common divisor of 2729 and 4453?
1
What is the highest common divisor of 111606912 and 12768?
1824
What is the highest common divisor of 1127 and 61072228?
49
Calculate the highest common factor of 5225338395 and 45.
45
Calculate the greatest common factor of 768255 and 705.
15
What is the highest common factor of 1416452 and 22444?
124
What is the greatest common factor of 10714 and 398882?
22
Calculate the greatest common factor of 19220 and 8736451.
961
What is the highest common factor of 22 and 279534068?
22
What is the highest common factor of 152 and 7635544?
8
What is the greatest common divisor of 127866 and 71508?
606
Calculate the greatest common factor of 37717926 and 114.
114
Calculate the greatest common factor of 27041687 and 22122.
1229
Calculate the greatest common divisor of 11 and 2487154.
1
What is the highest common factor of 43792 and 2084880?
1904
Calculate the greatest common divisor of 39064272 and 3952.
208
Calculate the greatest common divisor of 2976 and 5905376.
992
Calculate the highest common divisor of 132212 and 748.
4
Calculate the highest common factor of 11161640 and 7560.
280
Calculate the greatest common divisor of 632135 and 6615.
35
Calculate the highest common divisor of 4373162432 and 5312.
5312
What is the highest common factor of 59009424 and 202134?
3426
Calculate the highest common factor of 4563881 and 68089.
959
Calculate the highest common factor of 233283400 and 18200.
1400
Calculate the greatest common divisor of 50 and 651034.
2
Calculate the greatest common divisor of 825 and 34334091.
33
What is the greatest common divisor of 6258 and 164549938?
2086
Calculate the highest common divisor of 10201065 and 2625.
105
Calculate the highest common factor of 725 and 2453550.
25
What is the greatest common factor of 11 and 378256?
1
Calculate the highest common factor of 799533 and 13230.
441
What is the highest common factor of 2480 and 924008320?
2480
Calculate the highest common divisor of 27876600 and 476.
68
What is the greatest common divisor of 54945 and 1979315?
185
What is the greatest common factor of 19 and 383491079?
19
Calculate the greatest common factor of 18 and 42201462.
6
Calculate the highest common divisor of 17300654 and 154.
14
Calculate the greatest common divisor of 524 and 84442076.
524
Calculate the highest common divisor of 495 and 1584121.
11
Calculate the greatest common divisor of 312144 and 588.
84
What is the highest common factor of 98812170 and 144?
18
Calculate the highest common divisor of 21 and 35354081.
7
What is the greatest common divisor of 3080 and 2643130?
70
Calculate the highest common factor of 792373452 and 14826.
2118
Calculate the greatest common divisor of 4816 and 2437541.
43
Calculate the greatest common divisor of 26844168 and 195.
39
What is the highest common divisor of 2232240 and 60?
60
What is the highest common divisor of 861990 and 3310?
10
Calculate the highest common divisor of 1080 and 2536296.
24
What is the greatest common divisor of 36247680 and 10962?
3654
What is the greatest common factor of 1211078253 and 231?
231
What is the highest common divisor of 25803 and 4174047?
549
What is the greatest common factor of 11290155 and 3?
3
Calculate the greatest common divisor of 10893960 and 17325.
3465
What is the greatest common divisor of 40064 and 1359672?
2504
What is the greatest common divisor of 216 and 991314?
18
What is the greatest common divisor of 105 and 28624645?
35
Calculate the greatest common factor of 3934104 and 732.
12
Calculate the greatest common divisor of 82999 and 1094891.
497
What is the highest common factor of 154 and 855624?
154
Calculate the greatest common factor of 17872 and 19637977.
1117
Calculate the greatest common factor of 216 and 28000584.
72
What is the greatest common divisor of 100373511 and 661?
661
What is the greatest common factor of 2224 and 6321998?
278
What is the highest common factor of 164374654 and 2?
2
Calculate the greatest common divisor of 5910 and 79043886.
1182
Calculate the highest common factor of 14711939 and 602525.
3443
Calculate the greatest common divisor of 257230 and 10092.
58
Calculate the highest common divisor of 175 and 1791236300.
175
What is the highest common factor of 25543 and 4508770?
287
Calculate the greatest common divisor of 1961171 and 1207.
17
Calculate the greatest common divisor of 764217780 and 345.
345
Calculate the highest common divisor of 6016 and 201959.
47
What is the highest common divisor of 130 and 498185272?
26
Calculate the highest common divisor of 16206655 and 15715.
2245
What is the greatest common factor of 1 and 1659919?
1
What is the highest common divisor of 3350 and 2262590?
670
What is the greatest common divisor of 1360 and 1048660?
20
What is the highest common divisor of 7603754 and 94?
94
Calculate the highest common divisor of 195 and 41625220.
65
What is the highest common divisor of 5290 and 10767266?
1058
Calculate the highest common divisor of 14 and 12059936.
14
What is the greatest common divisor of 667709655 and 678?
339
Calculate the greatest common factor of 198131 and 4063.
239
Calculate the greatest common factor of 131554965 and 15.
15
What is the greatest common divisor of 49140 and 5877963?
819
Calculate the greatest common divisor of 100302944 and 100864.
6304
What is the greatest common divisor of 7798496 and 480?
32
What is the highest common divisor of 19440000 and 75?
75
What is the highest common factor of 2930 and 163851460?
2930
Calculate the highest common divisor of 1080 and 19547020.
20
Calculate the highest common divisor of 550451 and 2346401.
307
Calculate the highest common factor of 1074 and 22522854.
1074
Calculate the greatest common divisor of 183648 and 60612.
12
Calculate the greatest common divisor of 173672 and 10608.
136
What is the highest common factor of 1688335 and 2200?
55
What is the greatest common divisor of 400810 and 1597860?
2690
What is the greatest common divisor of 48 and 106381032?
24
Calculate the highest common divisor of 4780 and 120042530.
2390
What is the greatest common factor of 14780 and 61990?
10
Calculate the greatest common divisor of 6325334 and 14317.
139
What is the greatest common 